 10950.
2, 3, 5, 73
What are the prime factors of 1638?
2, 3, 7, 13
List the prime factors of 101826.
2, 3, 5657
List the prime factors of 1663.
1663
List the prime factors of 35213.
23, 1531
What are the prime factors of 2777?
2777
What are the prime factors of 766?
2, 383
List the prime factors of 59922.
2, 3, 3329
List the prime factors of 14068.
2, 3517
What are the prime factors of 602?
2, 7, 43
What are the prime factors of 1730?
2, 5, 173
What are the prime factors of 25641?
3, 7, 11, 37
List the prime factors of 1052.
2, 263
What are the prime factors of 42419?
13, 251
List the prime factors of 19301.
19301
List the prime factors of 9571.
17, 563
List the prime factors of 5168.
2, 17, 19
List the prime factors of 17800.
2, 5, 89
List the prime factors of 420.
2, 3, 5, 7
List the prime factors of 2499.
3, 7, 17
List the prime factors of 23099.
23099
What are the prime factors of 5450?
2, 5, 109
List the prime factors of 29909.
11, 2719
List the prime factors of 1345.
5, 269
What are the prime factors of 92199?
3, 73, 421
What are the prime factors of 72001?
89, 809
List the prime factors of 22102.
2, 43, 257
List the prime factors of 1790.
2, 5, 179
List the prime factors of 66473.
11, 6043
List the prime factors of 18443.
18443
What are the prime factors of 3369?
3, 1123
List the prime factors of 4298.
2, 7, 307
List the prime factors of 474.
2, 3, 79
What are the prime factors of 1734?
2, 3, 17
List the prime factors of 1212.
2, 3, 101
What are the prime factors of 685?
5, 137
List the prime factors of 2047.
23, 89
What are the prime factors of 21509?
137, 157
List the prime factors of 368.
2, 23
List the prime factors of 712.
2, 89
List the prime factors of 605.
5, 11
List the prime factors of 1213.
1213
What are the prime factors of 5367?
3, 1789
What are the prime factors of 8652?
2, 3, 7, 103
List the prime factors of 6066.
2, 3, 337
What are the prime factors of 2001?
3, 23, 29
What are the prime factors of 3655?
5, 17, 43
What are the prime factors of 16395?
3, 5, 1093
List the prime factors of 5173.
7, 739
List the prime factors of 17703.
3, 7, 281
What are the prime factors of 22670?
2, 5, 2267
What are the prime factors of 283?
283
List the prime factors of 53694.
2, 3, 19, 157
List the prime factors of 15970.
2, 5, 1597
What are the prime factors of 20773?
20773
List the prime factors of 2909.
2909
What are the prime factors of 62?
2, 31
What are the prime factors of 43710?
2, 3, 5, 31, 47
What are the prime factors of 559?
13, 43
List the prime factors of 58522.
2, 29, 1009
What are the prime factors of 14130?
2, 3, 5, 157
List the prime factors of 1173.
3, 17, 23
What are the prime factors of 20055?
3, 5, 7, 191
List the prime factors of 50455.
5, 10091
List the prime factors of 3462.
2, 3, 577
List the prime factors of 38565.
3, 5, 857
List the prime factors of 30326.
2, 59, 257
What are the prime factors of 6086?
2, 17, 179
What are the prime factors of 95885?
5, 127, 151
List the prime factors of 35670.
2, 3, 5, 29, 41
What are the prime factors of 42191?
31, 1361
List the prime factors of 161202.
2, 3, 67, 401
What are the prime factors of 2652?
2, 3, 13, 17
List the prime factors of 19040.
2, 5, 7, 17
What are the prime factors of 10395?
3, 5, 7, 11
What are the prime factors of 1456?
2, 7, 13
List the prime factors of 17595.
3, 5, 17, 23
What are the prime factors of 860?
2, 5, 43
List the prime factors of 14104.
2, 41, 43
What are the prime factors of 2463?
3, 821
What are the prime factors of 7751?
23, 337
What are the prime factors of 106041?
3, 13, 2719
What are the prime factors of 3820?
2, 5, 191
What are the prime factors of 1171?
1171
List the prime factors of 2000.
2, 5
List the prime factors of 33275.
5, 11
What are the prime factors of 11740?
2, 5, 587
List the prime factors of 3017.
7, 431
What are the prime factors of 1515?
3, 5, 101
List the prime factors of 812.
2, 7, 29
What are the prime factors of 329?
7, 47
What are the prime factors of 5549?
31, 179
List the prime factors of 5560.
2, 5, 139
What are the prime factors of 1380?
2, 3, 5, 23
List the prime factors of 10173.
3, 3391
List the prime factors of 13537.
13537
List the prime factors of 17304.
2, 3, 7, 103
List the prime factors of 1970.
2, 5, 197
What are the prime factors of 2298?
2, 3, 383
What are the prime factors of 66756?
2, 3, 5563
What are the prime factors of 763?
7, 109
What are the prime factors of 195?
3, 5, 13
List the prime factors of 15262.
2, 13, 587
What are the prime factors of 9619?
9619
List the prime factors of 81.
3
List the prime factors of 67765.
5, 13553
List the prime factors of 4264.
2, 13, 41
What are the prime factors of 61854?
2, 3, 13, 61
List the prime factors of 41792.
2, 653
What are the prime factors of 11927?
11927
What are the prime factors of 827?
827
List the prime factors of 1318.
2, 659
List the prime factors of 1420.
2, 5, 71
List the prime factors of 63940.
2, 5, 23, 139
List the prime factors of 109696.
2, 857
List the prime factors of 15074.
2, 7537
What are the prime factors of 3898?
2, 1949
List the prime factors of 1211.
7, 173
List the prime factors of 874.
2, 19, 23
What are the prime factors of 11013?
3, 3671
What are the prime factors of 34093?
103, 331
What are the prime factors of 24242?
2, 17, 23, 31
List the prime factors of 19787.
47, 421
List the prime factors of 118828.
2, 61, 487
List the prime factors of 6706.
2, 7, 479
What are the prime factors of 19628?
2, 7, 701
What are the prime factors of 11512?
2, 1439
List the prime factors of 18941.
13, 31, 47
List the prime factors of 3681.
3, 409
List the prime factors of 13814.
2, 6907
What are the prime factors of 12392?
2, 1549
List the prime factors of 18343.
13, 17, 83
List the prime factors of 182090.
2, 5, 131, 139
What are the prime factors of 239?
239
List the prime factors of 577.
577
What are the prime factors of 5813?
5813
List the prime factors of 14186.
2, 41, 173
List the prime factors of 153394.
2, 76697
What are the prime factors of 125693?
125693
List the prime factors of 1175.
5, 47
What are the prime factors of 15173?
15173
List the prime factors of 2931.
3, 977
What are the prime factors of 4999?
4999
What are the prime factors of 44583?
3, 7, 11, 193
What are the prime factors of 2335?
5, 467
What are the prime factors of 204?
2, 3, 17
What are the prime factors of 30152?
2, 3769
What are the prime factors of 30353?
127, 239
List the prime factors of 54952.
2, 6869
List the prime factors of 7923.
3, 19, 139
List the prime factors of 1065.
3, 5, 71
List the prime factors of 326.
2, 163
What are the prime factors of 10785?
3, 5, 719
What are the prime factors of 3511?
3511
What are the prime factors of 32190?
2, 3, 5, 29, 37
What are the prime factors of 125407?
125407
What are the prime factors of 47?
47
What are the prime factors of 772?
2, 193
What are the prime factors of 116291?
7, 37, 449
List the prime factors of 8247.
3, 2749
List the prime factors of 34185.
3, 5, 43, 53
List the prime factors of 4690.
2, 5, 7, 67
List the prime factors of 1219.
23, 53
List the prime factors of 6668.
2, 1667
What are the prime factors of 210?
2, 3, 5, 7
What are the prime factors of 1295?
5, 7, 37
List the prime factors of 12079.
47, 257
List the prime factors of 414.
2, 3, 23
List the prime factors of 346.
2, 173
What are the prime factors of 1054?
2, 17, 31
List the prime factors of 32632.
2, 4079
List the prime factors of 3609.
3, 401
List the prime factors of 8356.
2, 2089
What are the prime factors of 736?
2, 23
What are the prime factors of 27972?
2, 3, 7, 37
List the prime factors of 27361.
27361
List the prime factors of 2266.
2, 11, 103
List the prime factors of 1482.
2, 3, 13, 19
List the prime factors of 65103.
3, 21701
List the prime factors of 1861.
1861
List the prime factors of 5178.
2, 3, 863
List the prime factors of 7231.
7, 1033
What are the prime factors of 8546?
2, 4273
What are the prime factors of 9058?
2, 7, 647
List the prime factors of 950.
2, 5, 19
List the prime factors of 33432.
2, 3, 7, 199
What are the prime factors of 1614?
2, 3, 269
List the prime factors of 21970.
2, 5, 13
What are the prime factors of 2792?
2, 349
List the prime factors of 50529.
3, 16843
What are the prime factors of 9